{"id":425,"date":"2024-08-08T11:32:27","date_gmt":"2024-08-08T14:32:27","guid":{"rendered":"http:\/\/142.93.251.245\/?page_id=425"},"modified":"2024-08-13T09:51:40","modified_gmt":"2024-08-13T12:51:40","slug":"termos-de-uso","status":"publish","type":"page","link":"https:\/\/www.gaiacode.com.br\/?page_id=425","title":{"rendered":"Termos de Uso"},"content":{"rendered":"\t\t<div data-elementor-type=\"wp-page\" data-elementor-id=\"425\" class=\"elementor elementor-425\" data-elementor-post-type=\"page\">\n\t\t\t\t\t\t<section class=\"elementor-section elementor-top-section elementor-element elementor-element-5fc36de elementor-section-boxed elementor-section-height-default elementor-section-height-default\" data-id=\"5fc36de\" data-element_type=\"section\" data-settings=\"{&quot;background_background&quot;:&quot;classic&quot;}\">\n\t\t\t\t\t\t\t<div class=\"elementor-background-overlay\"><\/div>\n\t\t\t\t\t\t\t<div class=\"elementor-container elementor-column-gap-default\">\n\t\t\t\t\t<div class=\"elementor-column elementor-col-100 elementor-top-column elementor-element elementor-element-97561b2\" data-id=\"97561b2\" data-element_type=\"column\" data-settings=\"{&quot;background_background&quot;:&quot;classic&quot;}\">\n\t\t\t<div class=\"elementor-widget-wrap elementor-element-populated\">\n\t\t\t\t\t\t<div class=\"elementor-element elementor-element-ea063a4 animated-fast elementor-invisible elementor-widget elementor-widget-heading\" data-id=\"ea063a4\" data-element_type=\"widget\" data-settings=\"{&quot;_animation&quot;:&quot;fadeInUp&quot;}\" data-widget_type=\"heading.default\">\n\t\t\t\t<div class=\"elementor-widget-container\">\n\t\t\t<h2 class=\"elementor-heading-title elementor-size-default\">Termos de Uso<\/h2>\t\t<\/div>\n\t\t\t\t<\/div>\n\t\t\t\t\t<\/div>\n\t\t<\/div>\n\t\t\t\t\t<\/div>\n\t\t<\/section>\n\t\t\t\t<section class=\"elementor-section elementor-top-section elementor-element elementor-element-baaea3e elementor-section-boxed elementor-section-height-default elementor-section-height-default\" data-id=\"baaea3e\" data-element_type=\"section\" data-settings=\"{&quot;background_background&quot;:&quot;classic&quot;}\">\n\t\t\t\t\t\t<div class=\"elementor-container elementor-column-gap-default\">\n\t\t\t\t\t<div class=\"elementor-column elementor-col-100 elementor-top-column elementor-element elementor-element-2466d12 elementor-invisible\" data-id=\"2466d12\" data-element_type=\"column\" data-settings=\"{&quot;animation&quot;:&quot;fadeInLeft&quot;}\">\n\t\t\t<div class=\"elementor-widget-wrap elementor-element-populated\">\n\t\t\t\t\t\t<div class=\"elementor-element elementor-element-f04304d elementor-widget__width-inherit elementor-widget elementor-widget-text-editor\" data-id=\"f04304d\" data-element_type=\"widget\" data-widget_type=\"text-editor.default\">\n\t\t\t\t<div class=\"elementor-widget-container\">\n\t\t\t\t\t\t\t<p><strong>Aceita\u00e7\u00e3o dos Termos<\/strong><br \/>Ao acessar e utilizar o site da Gaia Code, voc\u00ea concorda com os termos e condi\u00e7\u00f5es descritos neste documento.<\/p><p><strong>Uso do Site<\/strong><br \/>Voc\u00ea se compromete a utilizar o site para fins legais e de acordo com as pol\u00edticas da Gaia Code. \u00c9 proibido o uso do site para distribuir conte\u00fado ilegal, ofensivo ou prejudicial.<\/p><p><strong>Propriedade Intelectual<\/strong><br \/>Todo o conte\u00fado do site, incluindo textos, imagens e logotipos, \u00e9 de propriedade da Gaia Code ou de seus licenciadores. Voc\u00ea n\u00e3o pode reproduzir, distribuir ou utilizar qualquer conte\u00fado sem nossa permiss\u00e3o expressa.<\/p><p><strong>Limita\u00e7\u00e3o de Responsabilidade<\/strong><br \/>A Gaia Code n\u00e3o se responsabiliza por danos diretos ou indiretos resultantes do uso ou da impossibilidade de uso do site. O site \u00e9 fornecido &#8220;como est\u00e1&#8221;, sem garantias de qualquer tipo.<\/p><p><strong>Altera\u00e7\u00f5es nos Termos<\/strong><br \/>Podemos atualizar estes termos a qualquer momento. As altera\u00e7\u00f5es entrar\u00e3o em vigor assim que publicadas no site. Recomendamos que voc\u00ea revise os termos periodicamente.<\/p><p><strong>Contato<\/strong><br \/>Para qualquer d\u00favida ou quest\u00e3o relacionada aos termos de uso, entre em contato conosco atrav\u00e9s do e-mail: <a rel=\"noreferrer\">contato@gaiacode.com.br<\/a>.<\/p>\t\t\t\t\t\t<\/div>\n\t\t\t\t<\/div>\n\t\t\t\t\t<\/div>\n\t\t<\/div>\n\t\t\t\t\t<\/div>\n\t\t<\/section>\n\t\t\t\t<\/div>\n\t\t","protected":false},"excerpt":{"rendered":"<p>Aceita\u00e7\u00e3o dos TermosAo acessar e utilizar o site da Gaia Code, voc\u00ea concorda com os termos e condi\u00e7\u00f5es descritos neste documento. Uso do SiteVoc\u00ea se compromete a utilizar o site para fins legais e de acordo com as pol\u00edticas da Gaia Code. \u00c9 proibido o uso do site para distribuir conte\u00fado ilegal, ofensivo ou prejudicial. [&hellip;]<\/p>\n","protected":false},"author":2,"featured_media":0,"parent":0,"menu_order":0,"comment_status":"closed","ping_status":"closed","template":"elementor_header_footer","meta":{"footnotes":""},"class_list":["post-425","page","type-page","status-publish","hentry"],"_links":{"self":[{"href":"https:\/\/www.gaiacode.com.br\/index.php?rest_route=\/wp\/v2\/pages\/425","targetHints":{"allow":["GET"]}}],"collection":[{"href":"https:\/\/www.gaiacode.com.br\/index.php?rest_route=\/wp\/v2\/pages"}],"about":[{"href":"https:\/\/www.gaiacode.com.br\/index.php?rest_route=\/wp\/v2\/types\/page"}],"author":[{"embeddable":true,"href":"https:\/\/www.gaiacode.com.br\/index.php?rest_route=\/wp\/v2\/users\/2"}],"replies":[{"embeddable":true,"href":"https:\/\/www.gaiacode.com.br\/index.php?rest_route=%2Fwp%2Fv2%2Fcomments&post=425"}],"version-history":[{"count":7,"href":"https:\/\/www.gaiacode.com.br\/index.php?rest_route=\/wp\/v2\/pages\/425\/revisions"}],"predecessor-version":[{"id":921,"href":"https:\/\/www.gaiacode.com.br\/index.php?rest_route=\/wp\/v2\/pages\/425\/revisions\/921"}],"wp:attachment":[{"href":"https:\/\/www.gaiacode.com.br\/index.php?rest_route=%2Fwp%2Fv2%2Fmedia&parent=425"}],"curies":[{"name":"wp","href":"https:\/\/api.w.org\/{rel}","templated":true}]}}